{"id":59,"date":"2021-06-21T10:47:06","date_gmt":"2021-06-21T08:47:06","guid":{"rendered":"http:\/\/poprzednia.biblioteka.pb.edu.pl\/historia\/?page_id=59"},"modified":"2022-04-07T09:56:47","modified_gmt":"2022-04-07T07:56:47","slug":"ul-biala-bialystok","status":"publish","type":"page","link":"https:\/\/biblioteka.pb.edu.pl\/historia\/przestrzen-biblioteki\/ul-biala-bialystok\/","title":{"rendered":"ul. Bia\u0142a, Bia\u0142ystok"},"content":{"rendered":"<h2>Biblioteka Wieczorowej Szko\u0142y In\u017cynierskiej ul. Bia\u0142a 1<\/h2>\n<p>&nbsp;<\/p>\n<p>Pierw\u00adsza sie\u00addziba biblio\u00adteki mie\u00ad\u015bci\u0142a si\u0119 w kamie\u00adnicy przy ul. Bia\u00ad\u0142ej 1, kt\u00f3r\u0105 uczel\u00adnia otrzy\u00adma\u0142a od mia\u00adsta 2 listo\u00adpada 1951 roku decy\u00adzj\u0105 Woje\u00adw\u00f3dz\u00adkiej Rady Naro\u00addo\u00adwej. Zaj\u00admo\u00adwa\u0142a j\u0105 do 1953 roku. Budy\u00adnek o kuba\u00adtu\u00adrze ok. 5000 m sze\u015bc., kt\u00f3ry powsta\u0142 na potrzeby miesz\u00adka\u00adniowe, wyma\u00adga\u0142 znacz\u00adnych prac remon\u00adto\u00adwych. Trwa\u0142y one g\u0142\u00f3w\u00adnie na wy\u017c\u00adszych, nie\u00adu\u017cy\u00adwa\u00adnych do tej pory kon\u00addy\u00adgna\u00adcjach do jesieni 1952 roku, przy udziale m.in. stu\u00adden\u00adt\u00f3w.<\/p>\n<p><a href=\"https:\/\/biblioteka.pb.edu.pl\/app\/uploads\/sites\/2\/2021\/09\/Przestrzen-Biala1-1920.jpg\"><img loading=\"lazy\" decoding=\"async\" class=\"aligncenter wp-image-423 size-medium\" src=\"https:\/\/biblioteka.pb.edu.pl\/app\/uploads\/sites\/2\/2021\/09\/Przestrzen-Biala1-1920-500x373.jpg\" alt=\"Zdj\u0119cie czarno-bia\u0142e. Kamienica wielokondygnacyjna ze spadzistym dachem i dwoma balkonami.\" width=\"500\" height=\"373\"><\/a><\/p>\n<p>Na parterze budynku funkcjonowa\u0142a popo\u0142udniami biblioteka z czytelni\u0105. W 1951 r. pomieszczenia biblioteczne zape\u0142ni\u0142y si\u0119 ksi\u0119gozbiorem technicznym w j\u0119zyku polskim i rosyjskim, przekazanym przez Naczeln\u0105 Organizacj\u0119 Techniczn\u0105.<br \/>\n<a href=\"https:\/\/biblioteka.pb.edu.pl\/app\/uploads\/sites\/2\/2021\/09\/Przestrzen-Biala2-1920.jpg\"><img loading=\"lazy\" decoding=\"async\" class=\"aligncenter wp-image-424 size-medium\" src=\"https:\/\/biblioteka.pb.edu.pl\/app\/uploads\/sites\/2\/2021\/09\/Przestrzen-Biala2-1920-500x302.jpg\" alt=\"Zdj\u0119cie czarno-bia\u0142e. Siedmiu m\u0119\u017cczyzn siedzi przy trzech kwadratowych stolikach. Zajmuj\u0105 si\u0119 czytaniem ksi\u0105\u017cek i wsp\u00f3ln\u0105 nauk\u0105. Na stolikach wida\u0107 popielniczki.\" width=\"500\" height=\"302\"><\/a><\/p>\n","protected":false},"excerpt":{"rendered":"<p>Biblioteka Wieczorowej Szko\u0142y In\u017cynierskiej ul. Bia\u0142a 1 &nbsp; Pierw\u00adsza sie\u00addziba biblio\u00adteki mie\u00ad\u015bci\u0142a [&hellip;]<\/p>\n","protected":false},"author":2,"featured_media":0,"parent":14,"menu_order":1,"comment_status":"closed","ping_status":"closed","template":"","meta":{"ngg_post_thumbnail":0,"footnotes":""},"class_list":["post-59","page","type-page","status-publish","hentry"],"_links":{"self":[{"href":"https:\/\/biblioteka.pb.edu.pl\/historia\/wp-json\/wp\/v2\/pages\/59","targetHints":{"allow":["GET"]}}],"collection":[{"href":"https:\/\/biblioteka.pb.edu.pl\/historia\/wp-json\/wp\/v2\/pages"}],"about":[{"href":"https:\/\/biblioteka.pb.edu.pl\/historia\/wp-json\/wp\/v2\/types\/page"}],"author":[{"embeddable":true,"href":"https:\/\/biblioteka.pb.edu.pl\/historia\/wp-json\/wp\/v2\/users\/2"}],"replies":[{"embeddable":true,"href":"https:\/\/biblioteka.pb.edu.pl\/historia\/wp-json\/wp\/v2\/comments?post=59"}],"version-history":[{"count":29,"href":"https:\/\/biblioteka.pb.edu.pl\/historia\/wp-json\/wp\/v2\/pages\/59\/revisions"}],"predecessor-version":[{"id":906,"href":"https:\/\/biblioteka.pb.edu.pl\/historia\/wp-json\/wp\/v2\/pages\/59\/revisions\/906"}],"up":[{"embeddable":true,"href":"https:\/\/biblioteka.pb.edu.pl\/historia\/wp-json\/wp\/v2\/pages\/14"}],"wp:attachment":[{"href":"https:\/\/biblioteka.pb.edu.pl\/historia\/wp-json\/wp\/v2\/media?parent=59"}],"curies":[{"name":"wp","href":"https:\/\/api.w.org\/{rel}","templated":true}]}}