{"id":79,"date":"2021-06-21T11:20:23","date_gmt":"2021-06-21T09:20:23","guid":{"rendered":"http:\/\/poprzednia.biblioteka.pb.edu.pl\/historia\/?page_id=79"},"modified":"2022-04-07T11:00:09","modified_gmt":"2022-04-07T09:00:09","slug":"cnk","status":"publish","type":"page","link":"https:\/\/biblioteka.pb.edu.pl\/historia\/przestrzen-biblioteki\/cnk\/","title":{"rendered":"CNK"},"content":{"rendered":"<h2>Biblioteka Politechniki Bia\u0142ostockiej Centrum Nowoczesnego Kszta\u0142cenia ul. Zwierzyniecka 16<\/h2>\n<p>&nbsp;<\/p>\n<p><a href=\"https:\/\/biblioteka.pb.edu.pl\/app\/uploads\/sites\/2\/2021\/09\/Przestrzen-CNK-1-1920.jpg\"><img loading=\"lazy\" decoding=\"async\" class=\"alignnone wp-image-674\" src=\"https:\/\/biblioteka.pb.edu.pl\/app\/uploads\/sites\/2\/2021\/09\/Przestrzen-CNK-1-1920-500x333.jpg\" alt=\"Du\u017cy \u017c\u00f3\u0142ty samoch\u00f3d typu laweta stoi na otwartej przestrzeni. Obok stoi czterech m\u0119\u017cczyzn w strojach robotniczych. Po prawej stronie metalowa konstrukcja budowlana i du\u017co gruzu na ziemi. W tle wida\u0107 pracuj\u0105c\u0105 kopark\u0119.\" width=\"345\" height=\"230\" srcset=\"https:\/\/biblioteka.pb.edu.pl\/app\/uploads\/sites\/2\/2021\/09\/Przestrzen-CNK-1-1920-500x333.jpg 500w, https:\/\/biblioteka.pb.edu.pl\/app\/uploads\/sites\/2\/2021\/09\/Przestrzen-CNK-1-1920-1024x683.jpg 1024w, https:\/\/biblioteka.pb.edu.pl\/app\/uploads\/sites\/2\/2021\/09\/Przestrzen-CNK-1-1920-768x512.jpg 768w, https:\/\/biblioteka.pb.edu.pl\/app\/uploads\/sites\/2\/2021\/09\/Przestrzen-CNK-1-1920-1536x1024.jpg 1536w, https:\/\/biblioteka.pb.edu.pl\/app\/uploads\/sites\/2\/2021\/09\/Przestrzen-CNK-1-1920-480x320.jpg 480w, https:\/\/biblioteka.pb.edu.pl\/app\/uploads\/sites\/2\/2021\/09\/Przestrzen-CNK-1-1920.jpg 1920w\" sizes=\"auto, (max-width: 345px) 100vw, 345px\" \/><\/a><a href=\"https:\/\/biblioteka.pb.edu.pl\/app\/uploads\/sites\/2\/2021\/09\/Przestrzen-CNK-2-1920.jpg\"><img loading=\"lazy\" decoding=\"async\" class=\"alignnone wp-image-675\" src=\"https:\/\/biblioteka.pb.edu.pl\/app\/uploads\/sites\/2\/2021\/09\/Przestrzen-CNK-2-1920-500x333.jpg\" alt=\"Grupa m\u0119\u017cczyzn pracuje na placu budowy przy powstaj\u0105cych fundamentach. W tle du\u017co zielonych drzew. Po prawej stronie le\u017cy gruz. Na ziemi wida\u0107 \u015blady po ci\u0119\u017ckim sprz\u0119cie.\" width=\"345\" height=\"230\" srcset=\"https:\/\/biblioteka.pb.edu.pl\/app\/uploads\/sites\/2\/2021\/09\/Przestrzen-CNK-2-1920-500x333.jpg 500w, https:\/\/biblioteka.pb.edu.pl\/app\/uploads\/sites\/2\/2021\/09\/Przestrzen-CNK-2-1920-1024x683.jpg 1024w, https:\/\/biblioteka.pb.edu.pl\/app\/uploads\/sites\/2\/2021\/09\/Przestrzen-CNK-2-1920-768x512.jpg 768w, https:\/\/biblioteka.pb.edu.pl\/app\/uploads\/sites\/2\/2021\/09\/Przestrzen-CNK-2-1920-1536x1024.jpg 1536w, https:\/\/biblioteka.pb.edu.pl\/app\/uploads\/sites\/2\/2021\/09\/Przestrzen-CNK-2-1920-480x320.jpg 480w, https:\/\/biblioteka.pb.edu.pl\/app\/uploads\/sites\/2\/2021\/09\/Przestrzen-CNK-2-1920.jpg 1920w\" sizes=\"auto, (max-width: 345px) 100vw, 345px\" \/><\/a><br \/>\n<a href=\"https:\/\/biblioteka.pb.edu.pl\/app\/uploads\/sites\/2\/2021\/09\/Przestrzen-CNK-3-1920.jpg\"><img loading=\"lazy\" decoding=\"async\" class=\"alignnone wp-image-676\" src=\"https:\/\/biblioteka.pb.edu.pl\/app\/uploads\/sites\/2\/2021\/09\/Przestrzen-CNK-3-1920-500x333.jpg\" alt=\"Ogrodzony teren, na kt\u00f3rym wida\u0107 rozkopan\u0105 ziemi\u0119, elementy zbrojenia wystaj\u0105ce z ziemi i du\u017ce bloki wylanego betonu. Czterech m\u0119\u017cczyzn stoi na metalowych rusztowaniach i montuje ogromn\u0105 siatk\u0119.\" width=\"345\" height=\"230\" srcset=\"https:\/\/biblioteka.pb.edu.pl\/app\/uploads\/sites\/2\/2021\/09\/Przestrzen-CNK-3-1920-500x333.jpg 500w, https:\/\/biblioteka.pb.edu.pl\/app\/uploads\/sites\/2\/2021\/09\/Przestrzen-CNK-3-1920-1024x683.jpg 1024w, https:\/\/biblioteka.pb.edu.pl\/app\/uploads\/sites\/2\/2021\/09\/Przestrzen-CNK-3-1920-768x512.jpg 768w, https:\/\/biblioteka.pb.edu.pl\/app\/uploads\/sites\/2\/2021\/09\/Przestrzen-CNK-3-1920-1536x1024.jpg 1536w, https:\/\/biblioteka.pb.edu.pl\/app\/uploads\/sites\/2\/2021\/09\/Przestrzen-CNK-3-1920-480x320.jpg 480w, https:\/\/biblioteka.pb.edu.pl\/app\/uploads\/sites\/2\/2021\/09\/Przestrzen-CNK-3-1920.jpg 1920w\" sizes=\"auto, (max-width: 345px) 100vw, 345px\" \/><\/a><a href=\"https:\/\/biblioteka.pb.edu.pl\/app\/uploads\/sites\/2\/2021\/09\/Przestrzen-CNK-4-1920.jpg\"><img loading=\"lazy\" decoding=\"async\" class=\"alignnone wp-image-677\" src=\"https:\/\/biblioteka.pb.edu.pl\/app\/uploads\/sites\/2\/2021\/09\/Przestrzen-CNK-4-1920-500x333.jpg\" alt=\"Za sze\u015bcioma wysokimi betonowymi s\u0142upami, stoi \u017c\u00f3\u0142ta koparka. Po prawej stronie du\u017cy betonowy budynek w stanie surowym. Na rusztowaniach zaczepionych na bryle budynku pracuj\u0105 robotnicy.\" width=\"345\" height=\"230\" srcset=\"https:\/\/biblioteka.pb.edu.pl\/app\/uploads\/sites\/2\/2021\/09\/Przestrzen-CNK-4-1920-500x333.jpg 500w, https:\/\/biblioteka.pb.edu.pl\/app\/uploads\/sites\/2\/2021\/09\/Przestrzen-CNK-4-1920-1024x683.jpg 1024w, https:\/\/biblioteka.pb.edu.pl\/app\/uploads\/sites\/2\/2021\/09\/Przestrzen-CNK-4-1920-768x512.jpg 768w, https:\/\/biblioteka.pb.edu.pl\/app\/uploads\/sites\/2\/2021\/09\/Przestrzen-CNK-4-1920-1536x1024.jpg 1536w, https:\/\/biblioteka.pb.edu.pl\/app\/uploads\/sites\/2\/2021\/09\/Przestrzen-CNK-4-1920-480x320.jpg 480w, https:\/\/biblioteka.pb.edu.pl\/app\/uploads\/sites\/2\/2021\/09\/Przestrzen-CNK-4-1920.jpg 1920w\" sizes=\"auto, (max-width: 345px) 100vw, 345px\" \/><\/a><\/p>\n<p>Prace na placu budowy Centrum Nowoczesnego Kszta\u0142cenia ruszy\u0142y na prze\u0142omie maja i czerwca 2010 roku. Natomiast 3 grudnia 2010 roku uroczy\u015bcie wmurowany zosta\u0142 kamie\u0144 w\u0119gielny. Uroczysto\u015b\u0107 rozpocz\u0119\u0142a si\u0119 o godz.13.00. W bia\u0142y pustak z\u0142o\u017cona zosta\u0142a i zabetonowana tuba z aktem erekcyjnym, uczelnian\u0105 gazet\u0105 i pi\u0119cioz\u0142otow\u0105 monet\u0105.<\/p>\n<p>W CNK swoje siedziby znalaz\u0142y: Biblioteka PB, nowoczesne laboratoria, pracownie multimedialne i Studium J\u0119zyk\u00f3w Obcych. Autorami projektu s\u0105 Adrian Staszczyszyn i Sebastian Bieganowski z biura architektonicznego AA Studio z Wroc\u0142awia. Przetarg na budow\u0119 wygra\u0142a firma Budimex S.A. Warto\u015b\u0107 inwestycji wynios\u0142a ponad 65 mln z\u0142 (96,46 % tej kwoty pochodzi\u0142o z Programu Operacyjnego Rozw\u00f3j Polski Wschodniej).<\/p>\n<p><a href=\"https:\/\/biblioteka.pb.edu.pl\/app\/uploads\/sites\/2\/2021\/09\/Przestrzen-CNK-5-1920.jpg\"><img loading=\"lazy\" decoding=\"async\" class=\"alignnone wp-image-678\" src=\"https:\/\/biblioteka.pb.edu.pl\/app\/uploads\/sites\/2\/2021\/09\/Przestrzen-CNK-5-1920-500x333.jpg\" alt=\"Metalowe ogrodzenie. Za ogrodzeniem du\u017ce drzewa bez li\u015bci. Za drzewami du\u017cy budynek bez elewacji i w trakcie budowy. Po prawej stronie pomara\u0144czowy d\u017awig, po lewej srebrny d\u017awig.\" width=\"345\" height=\"230\" srcset=\"https:\/\/biblioteka.pb.edu.pl\/app\/uploads\/sites\/2\/2021\/09\/Przestrzen-CNK-5-1920-500x333.jpg 500w, https:\/\/biblioteka.pb.edu.pl\/app\/uploads\/sites\/2\/2021\/09\/Przestrzen-CNK-5-1920-1024x683.jpg 1024w, https:\/\/biblioteka.pb.edu.pl\/app\/uploads\/sites\/2\/2021\/09\/Przestrzen-CNK-5-1920-768x512.jpg 768w, https:\/\/biblioteka.pb.edu.pl\/app\/uploads\/sites\/2\/2021\/09\/Przestrzen-CNK-5-1920-1536x1024.jpg 1536w, https:\/\/biblioteka.pb.edu.pl\/app\/uploads\/sites\/2\/2021\/09\/Przestrzen-CNK-5-1920-480x320.jpg 480w, https:\/\/biblioteka.pb.edu.pl\/app\/uploads\/sites\/2\/2021\/09\/Przestrzen-CNK-5-1920.jpg 1920w\" sizes=\"auto, (max-width: 345px) 100vw, 345px\" \/><\/a><a href=\"https:\/\/biblioteka.pb.edu.pl\/app\/uploads\/sites\/2\/2021\/09\/Przestrzen-CNK-6-1024.jpg\"><img loading=\"lazy\" decoding=\"async\" class=\"alignnone wp-image-679\" src=\"https:\/\/biblioteka.pb.edu.pl\/app\/uploads\/sites\/2\/2021\/09\/Przestrzen-CNK-6-1024-500x333.jpg\" alt=\"Szary budynek o prostok\u0105tnej bryle z elementami elewacji z kszta\u0142tami koronek. Na jednej ze \u015bcian zewn\u0119trznych konstrukcja z rusztowa\u0144. Po prawej cz\u0119\u015b\u0107 budynku w trakcie budowy. Du\u017co materia\u0142\u00f3w budowlanych u\u0142o\u017conych przed budynkiem oraz pas zieleni. Przy materia\u0142ach budowlanych stoj\u0105 trzej m\u0119\u017cczy\u017ani i zaparkowane s\u0105 dwa samochody.\" width=\"345\" height=\"230\" srcset=\"https:\/\/biblioteka.pb.edu.pl\/app\/uploads\/sites\/2\/2021\/09\/Przestrzen-CNK-6-1024-500x333.jpg 500w, https:\/\/biblioteka.pb.edu.pl\/app\/uploads\/sites\/2\/2021\/09\/Przestrzen-CNK-6-1024-768x512.jpg 768w, https:\/\/biblioteka.pb.edu.pl\/app\/uploads\/sites\/2\/2021\/09\/Przestrzen-CNK-6-1024-480x320.jpg 480w, https:\/\/biblioteka.pb.edu.pl\/app\/uploads\/sites\/2\/2021\/09\/Przestrzen-CNK-6-1024.jpg 1024w\" sizes=\"auto, (max-width: 345px) 100vw, 345px\" \/><\/a><br \/>\n<a href=\"https:\/\/biblioteka.pb.edu.pl\/app\/uploads\/sites\/2\/2021\/09\/Przestrzen-CNK-7-1920.jpg\"><img loading=\"lazy\" decoding=\"async\" class=\"alignnone wp-image-680\" src=\"https:\/\/biblioteka.pb.edu.pl\/app\/uploads\/sites\/2\/2021\/09\/Przestrzen-CNK-7-1920-500x333.jpg\" alt=\"\u015aciana ze szk\u0142a i metalowego szkieletu. W \u015brodkowej cz\u0119\u015bci wida\u0107 elementy koronkowych wzor\u00f3w. Po lewej stronie wida\u0107 wysok\u0105 drabin\u0119 opart\u0105 o szklan\u0105 \u015bcian\u0119. Dwa elementy na \u015bcianie zakryte niebiesk\u0105 foli\u0105.\" width=\"345\" height=\"230\" srcset=\"https:\/\/biblioteka.pb.edu.pl\/app\/uploads\/sites\/2\/2021\/09\/Przestrzen-CNK-7-1920-500x333.jpg 500w, https:\/\/biblioteka.pb.edu.pl\/app\/uploads\/sites\/2\/2021\/09\/Przestrzen-CNK-7-1920-1024x683.jpg 1024w, https:\/\/biblioteka.pb.edu.pl\/app\/uploads\/sites\/2\/2021\/09\/Przestrzen-CNK-7-1920-768x512.jpg 768w, https:\/\/biblioteka.pb.edu.pl\/app\/uploads\/sites\/2\/2021\/09\/Przestrzen-CNK-7-1920-1536x1024.jpg 1536w, https:\/\/biblioteka.pb.edu.pl\/app\/uploads\/sites\/2\/2021\/09\/Przestrzen-CNK-7-1920-480x320.jpg 480w, https:\/\/biblioteka.pb.edu.pl\/app\/uploads\/sites\/2\/2021\/09\/Przestrzen-CNK-7-1920.jpg 1920w\" sizes=\"auto, (max-width: 345px) 100vw, 345px\" \/><\/a><a href=\"https:\/\/biblioteka.pb.edu.pl\/app\/uploads\/sites\/2\/2021\/09\/Przestrzen-CNK-8-1920.jpg\"><img loading=\"lazy\" decoding=\"async\" class=\"alignnone wp-image-681\" src=\"https:\/\/biblioteka.pb.edu.pl\/app\/uploads\/sites\/2\/2021\/09\/Przestrzen-CNK-8-1920-500x333.jpg\" alt=\"Du\u017ca i pusta przestrze\u0144 z antresol\u0105. Na pod\u0142odze szara wyk\u0142adzina. Na dw\u00f3ch \u015bcianach okna o r\u00f3\u017cnej wysoko\u015bci. Okna bli\u017cej pod\u0142ogi maj\u0105 zamontowane betonowe elementy elewacji. Pod oknami bia\u0142e grzejniki. Na suficie zawieszone s\u0105 minimalistyczne lampy. Po prawej stronie na \u015bcianie wisi kilkana\u015bcie kinkiet\u00f3w. Po lewej szyb windy.\" width=\"345\" height=\"230\" srcset=\"https:\/\/biblioteka.pb.edu.pl\/app\/uploads\/sites\/2\/2021\/09\/Przestrzen-CNK-8-1920-500x333.jpg 500w, https:\/\/biblioteka.pb.edu.pl\/app\/uploads\/sites\/2\/2021\/09\/Przestrzen-CNK-8-1920-1024x683.jpg 1024w, https:\/\/biblioteka.pb.edu.pl\/app\/uploads\/sites\/2\/2021\/09\/Przestrzen-CNK-8-1920-768x512.jpg 768w, https:\/\/biblioteka.pb.edu.pl\/app\/uploads\/sites\/2\/2021\/09\/Przestrzen-CNK-8-1920-1536x1024.jpg 1536w, https:\/\/biblioteka.pb.edu.pl\/app\/uploads\/sites\/2\/2021\/09\/Przestrzen-CNK-8-1920-480x320.jpg 480w, https:\/\/biblioteka.pb.edu.pl\/app\/uploads\/sites\/2\/2021\/09\/Przestrzen-CNK-8-1920.jpg 1920w\" sizes=\"auto, (max-width: 345px) 100vw, 345px\" \/><\/a><br \/>\n<a href=\"https:\/\/biblioteka.pb.edu.pl\/app\/uploads\/sites\/2\/2021\/09\/Przestrzen-CNK-9-1920.jpg\"><img loading=\"lazy\" decoding=\"async\" class=\"alignnone wp-image-682\" src=\"https:\/\/biblioteka.pb.edu.pl\/app\/uploads\/sites\/2\/2021\/09\/Przestrzen-CNK-9-1920-500x333.jpg\" alt=\"Jasne du\u017ce pomieszczenie, na \u015brodku kt\u00f3rego s\u0105 wysokie dwa filary. Po prawej cztery szklane drzwi innych pomieszcze\u0144. Na pod\u0142odze jasna szara wyk\u0142adzina. Na \u015bcianie trzy grzejniki, jedno okno niskie, a kilka metr\u00f3w od pod\u0142ogi dwa kolejne okna.\" width=\"345\" height=\"230\" srcset=\"https:\/\/biblioteka.pb.edu.pl\/app\/uploads\/sites\/2\/2021\/09\/Przestrzen-CNK-9-1920-500x333.jpg 500w, https:\/\/biblioteka.pb.edu.pl\/app\/uploads\/sites\/2\/2021\/09\/Przestrzen-CNK-9-1920-1024x683.jpg 1024w, https:\/\/biblioteka.pb.edu.pl\/app\/uploads\/sites\/2\/2021\/09\/Przestrzen-CNK-9-1920-768x512.jpg 768w, https:\/\/biblioteka.pb.edu.pl\/app\/uploads\/sites\/2\/2021\/09\/Przestrzen-CNK-9-1920-1536x1024.jpg 1536w, https:\/\/biblioteka.pb.edu.pl\/app\/uploads\/sites\/2\/2021\/09\/Przestrzen-CNK-9-1920-480x320.jpg 480w, https:\/\/biblioteka.pb.edu.pl\/app\/uploads\/sites\/2\/2021\/09\/Przestrzen-CNK-9-1920.jpg 1920w\" sizes=\"auto, (max-width: 345px) 100vw, 345px\" \/><\/a><a href=\"https:\/\/biblioteka.pb.edu.pl\/app\/uploads\/sites\/2\/2021\/09\/Przestrzen-CNK-10-1920.jpg\"><img loading=\"lazy\" decoding=\"async\" class=\"alignnone wp-image-683\" src=\"https:\/\/biblioteka.pb.edu.pl\/app\/uploads\/sites\/2\/2021\/09\/Przestrzen-CNK-10-1920-500x333.jpg\" alt=\"Du\u017ce pomieszczenie holu. Za bia\u0142ym filarem drzwi do windy, kt\u00f3ra obudowana jest konstrukcj\u0105 schod\u00f3w. Schody s\u0105 w kszta\u0142cie wij\u0105cej si\u0119 wst\u0105\u017cki i maj\u0105 srebrn\u0105 por\u0119cz. Na schodach szara wyk\u0142adzina. Bry\u0142a \u015bciany, kt\u00f3ra stanowi oparcie schod\u00f3w jest w kolorze \u017c\u00f3\u0142tym. Po prawej stronie stoi du\u017ce rusztowanie. W tle szklana \u015bciana i du\u017co bia\u0142ych filar\u00f3w.\" width=\"345\" height=\"230\" srcset=\"https:\/\/biblioteka.pb.edu.pl\/app\/uploads\/sites\/2\/2021\/09\/Przestrzen-CNK-10-1920-500x333.jpg 500w, https:\/\/biblioteka.pb.edu.pl\/app\/uploads\/sites\/2\/2021\/09\/Przestrzen-CNK-10-1920-1024x683.jpg 1024w, https:\/\/biblioteka.pb.edu.pl\/app\/uploads\/sites\/2\/2021\/09\/Przestrzen-CNK-10-1920-768x512.jpg 768w, https:\/\/biblioteka.pb.edu.pl\/app\/uploads\/sites\/2\/2021\/09\/Przestrzen-CNK-10-1920-1536x1024.jpg 1536w, https:\/\/biblioteka.pb.edu.pl\/app\/uploads\/sites\/2\/2021\/09\/Przestrzen-CNK-10-1920-480x320.jpg 480w, https:\/\/biblioteka.pb.edu.pl\/app\/uploads\/sites\/2\/2021\/09\/Przestrzen-CNK-10-1920.jpg 1920w\" sizes=\"auto, (max-width: 345px) 100vw, 345px\" \/><\/a><\/p>\n<p>Przygotowania do przeprowadzki biblioteki do nowo wybudowanego budynku CNK, rozpocz\u0119\u0142y si\u0119 ju\u017c w 2010 roku. Zosta\u0142y ustalone zasady po\u0142\u0105czenia ksi\u0119gozbioru Biblioteki G\u0142\u00f3wnej oraz bibliotek specjalistycznych: Biblioteki Wydzia\u0142u Informatyki, Biblioteki Wydzia\u0142u Budownictwa i In\u017cynierii \u015arodowiska, Biblioteki Wydzia\u0142u Elektrycznego. Ksi\u0119gozbi\u00f3r podzielono na egzemplarze do Wypo\u017cyczalni Og\u00f3lnej i Czytelni Ksi\u0105\u017cek z wolnym dost\u0119pem, a nast\u0119pnie posegregowano wed\u0142ug dzia\u0142\u00f3w UKD i odpowiednio oznakowano. W lipcu-sierpniu 2012 roku wszystkie ksi\u0105\u017cki zosta\u0142y przeniesione do nowego budynku. Czasopisma i normy trafi\u0142y do nowej biblioteki we wrze\u015bniu 2012 roku.<\/p>\n<p>Pozosta\u0142e biblioteki specjalistyczne: Biblioteka Wydzia\u0142u Architektury, Biblioteka Wydzia\u0142u Zarz\u0105dzania, Biblioteka Zamiejscowego Wydzia\u0142u Le\u015bnego w Hajn\u00f3wce pozosta\u0142y w macierzystych jednostkach.<\/p>\n<p><a href=\"https:\/\/biblioteka.pb.edu.pl\/app\/uploads\/sites\/2\/2021\/09\/Przestrzen-CNK-11-1920.jpg\"><img loading=\"lazy\" decoding=\"async\" class=\"alignnone wp-image-684\" src=\"https:\/\/biblioteka.pb.edu.pl\/app\/uploads\/sites\/2\/2021\/09\/Przestrzen-CNK-11-1920-500x333.jpg\" alt=\"Du\u017cy szary budynek z szerokimi schodami. \u015arodkowa cz\u0119\u015b\u0107 bry\u0142y budynku wykonana jest ze szk\u0142a i posiada szklany du\u017cy wykusz. Po obu bokach budynku ozdobne elementy elewacji. Przed schodami droga ze \u017cwiru. Po lewej stronie zielona ozdobna trawa. Po prawej drzewo.\" width=\"345\" height=\"230\" srcset=\"https:\/\/biblioteka.pb.edu.pl\/app\/uploads\/sites\/2\/2021\/09\/Przestrzen-CNK-11-1920-500x333.jpg 500w, https:\/\/biblioteka.pb.edu.pl\/app\/uploads\/sites\/2\/2021\/09\/Przestrzen-CNK-11-1920-1024x683.jpg 1024w, https:\/\/biblioteka.pb.edu.pl\/app\/uploads\/sites\/2\/2021\/09\/Przestrzen-CNK-11-1920-768x512.jpg 768w, https:\/\/biblioteka.pb.edu.pl\/app\/uploads\/sites\/2\/2021\/09\/Przestrzen-CNK-11-1920-1536x1024.jpg 1536w, https:\/\/biblioteka.pb.edu.pl\/app\/uploads\/sites\/2\/2021\/09\/Przestrzen-CNK-11-1920-480x320.jpg 480w, https:\/\/biblioteka.pb.edu.pl\/app\/uploads\/sites\/2\/2021\/09\/Przestrzen-CNK-11-1920.jpg 1920w\" sizes=\"auto, (max-width: 345px) 100vw, 345px\" \/><\/a><a href=\"https:\/\/biblioteka.pb.edu.pl\/app\/uploads\/sites\/2\/2021\/09\/Przestrzen-CNK-12-1920.jpg\"><img loading=\"lazy\" decoding=\"async\" class=\"alignnone wp-image-685\" src=\"https:\/\/biblioteka.pb.edu.pl\/app\/uploads\/sites\/2\/2021\/09\/Przestrzen-CNK-12-1920-500x333.jpg\" alt=\"Na szarej posadzce ustawionych jest kilkadziesi\u0105t stos\u00f3w kolorowych ksi\u0105\u017cek i kartonowe pude\u0142ko z ksi\u0105\u017ckami. Na ok\u0142adkach ksi\u0105\u017cek wida\u0107 bia\u0142e naklejki.\" width=\"345\" height=\"230\" srcset=\"https:\/\/biblioteka.pb.edu.pl\/app\/uploads\/sites\/2\/2021\/09\/Przestrzen-CNK-12-1920-500x333.jpg 500w, https:\/\/biblioteka.pb.edu.pl\/app\/uploads\/sites\/2\/2021\/09\/Przestrzen-CNK-12-1920-1024x683.jpg 1024w, https:\/\/biblioteka.pb.edu.pl\/app\/uploads\/sites\/2\/2021\/09\/Przestrzen-CNK-12-1920-768x512.jpg 768w, https:\/\/biblioteka.pb.edu.pl\/app\/uploads\/sites\/2\/2021\/09\/Przestrzen-CNK-12-1920-1536x1024.jpg 1536w, https:\/\/biblioteka.pb.edu.pl\/app\/uploads\/sites\/2\/2021\/09\/Przestrzen-CNK-12-1920-480x320.jpg 480w, https:\/\/biblioteka.pb.edu.pl\/app\/uploads\/sites\/2\/2021\/09\/Przestrzen-CNK-12-1920.jpg 1920w\" sizes=\"auto, (max-width: 345px) 100vw, 345px\" \/><\/a><\/p>\n","protected":false},"excerpt":{"rendered":"<p>Biblioteka Politechniki Bia\u0142ostockiej Centrum Nowoczesnego Kszta\u0142cenia ul. Zwierzyniecka 16 &nbsp; Prace na [&hellip;]<\/p>\n","protected":false},"author":2,"featured_media":0,"parent":14,"menu_order":9,"comment_status":"closed","ping_status":"closed","template":"","meta":{"ngg_post_thumbnail":0,"footnotes":""},"class_list":["post-79","page","type-page","status-publish","hentry"],"_links":{"self":[{"href":"https:\/\/biblioteka.pb.edu.pl\/historia\/wp-json\/wp\/v2\/pages\/79","targetHints":{"allow":["GET"]}}],"collection":[{"href":"https:\/\/biblioteka.pb.edu.pl\/historia\/wp-json\/wp\/v2\/pages"}],"about":[{"href":"https:\/\/biblioteka.pb.edu.pl\/historia\/wp-json\/wp\/v2\/types\/page"}],"author":[{"embeddable":true,"href":"https:\/\/biblioteka.pb.edu.pl\/historia\/wp-json\/wp\/v2\/users\/2"}],"replies":[{"embeddable":true,"href":"https:\/\/biblioteka.pb.edu.pl\/historia\/wp-json\/wp\/v2\/comments?post=79"}],"version-history":[{"count":29,"href":"https:\/\/biblioteka.pb.edu.pl\/historia\/wp-json\/wp\/v2\/pages\/79\/revisions"}],"predecessor-version":[{"id":925,"href":"https:\/\/biblioteka.pb.edu.pl\/historia\/wp-json\/wp\/v2\/pages\/79\/revisions\/925"}],"up":[{"embeddable":true,"href":"https:\/\/biblioteka.pb.edu.pl\/historia\/wp-json\/wp\/v2\/pages\/14"}],"wp:attachment":[{"href":"https:\/\/biblioteka.pb.edu.pl\/historia\/wp-json\/wp\/v2\/media?parent=79"}],"curies":[{"name":"wp","href":"https:\/\/api.w.org\/{rel}","templated":true}]}}